
False
Is 237822355 a prime number?
False
Is 1515391 a prime number?
True
Is 156056297 prime?
False
Is 46041937 a prime number?
False
Is 7567633 prime?
False
Is 17846189 a composite number?
False
Is 8457539 prime?
True
Is 10270969 a composite number?
False
Is 107104297 a prime number?
True
Is 218528099 a prime number?
False
Is 3792419 prime?
False
Is 6660935 composite?
True
Is 84038411 prime?
False
Is 1397879 composite?
True
Is 171401 a composite number?
False
Is 150606439 a composite number?
False
Is 44715179 a prime number?
False
Is 13817261 composite?
False
Is 262712523 composite?
True
Is 6764533 a prime number?
False
Is 33494407 a prime number?
True
Is 1202081 prime?
True
Is 924907 a prime number?
True
Is 40800509 prime?
True
Is 20901217 a prime number?
True
Is 3634559 composite?
False
Is 15034417 a composite number?
False
Is 4407041 composite?
True
Is 6162083 composite?
True
Is 24577781 prime?
True
Is 906438235 composite?
True
Is 190034081 a composite number?
False
Is 2968909 a composite number?
True
Is 54858877 composite?
True
Is 26015327 composite?
True
Is 9168599 composite?
True
Is 5572211 composite?
False
Is 7148171 a composite number?
False
Is 369869537 composite?
False
Is 167166089 a prime number?
True
Is 131860067 composite?
False
Is 14495269 a composite number?
False
Is 1017023 a composite number?
True
Is 245821 a composite number?
False
Is 1234439 prime?
True
Is 156320981 a prime number?
False
Is 16431847 composite?
False
Is 203747 a prime number?
False
Is 1814897 composite?
True
Is 738557 a composite number?
True
Is 1189229 composite?
True
Is 13381577 composite?
True
Is 89084321 a composite number?
True
Is 161510777 a composite number?
False
Is 7932199 a composite number?
True
Is 43726043 prime?
True
Is 11533807 a prime number?
False
Is 271920217 composite?
False
Is 52556087 a prime number?
True
Is 8526247 a composite number?
False
Is 2780039 a composite number?
False
Is 100566437 composite?
False
Is 165917153 a composite number?
False
Is 139646681 composite?
True
Is 932039 prime?
True
Is 4306243 a composite number?
True
Is 28413311 prime?
True
Is 7756499 a composite number?
False
Is 2923927 a composite number?
False
Is 1514221 a prime number?
False
Is 7671173 prime?
False
Is 1328617865 composite?
True
Is 149373907 a composite number?
False
Is 572251 a composite number?
False
Is 75413951 a prime number?
True
Is 4199957 composite?
False
Is 717089 a composite number?
False
Is 10831151 composite?
True
Is 66559 a composite number?
True
Is 19830223 prime?
False
Is 168695467 a prime number?
True
Is 57224881 prime?
False
Is 9037383 a prime number?
False
Is 9709439 prime?
False
Is 49213597 a prime number?
True
Is 749299454 prime?
False
Is 2126681 composite?
False
Is 126978427 prime?
True
Is 125824339 a composite number?
True
Is 98536519 a prime number?
False
Is 66378811 composite?
False
Is 42950867 prime?
False
Is 19036441 a composite number?
True
Is 17499507 a prime number?
False
Is 86188078 a prime number?
False
Is 2695391 a composite number?
False
Is 1151477 composite?
True
Is 4282913 composite?
True
Is 23716261 composite?
False
Is 173291 a composite number?
False
Is 84421511 composite?
True
Is 34892533 a prime number?
False
Is 32053523 a prime number?
False
Is 367176869 a composite number?
True
Is 3874513 a composite number?
False
Is 3227618 a composite number?
True
Is 221647607 composite?
False
Is 29797769 prime?
True
Is 32358529 a prime number?
False
Is 278639 a composite number?
False
Is 3178361 prime?
False
Is 3392497 composite?
True
Is 914311 a composite number?
True
Is 175943 a composite number?
True
Is 6369721 a composite number?
True
Is 46709 prime?
False
Is 41985023 a composite number?
False
Is 3172243 a prime number?
True
Is 2006831 a prime number?
True
Is 3026369 prime?
True
Is 2319827 composite?
True
Is 3784577 a composite number?
False
Is 49372511 a prime number?
True
Is 277352267 a composite number?
False
Is 873559 composite?
True
Is 3000505 a composite number?
True
Is 3266693 composite?
True
Is 51280813 a composite number?
False
Is 1028389 a composite number?
False
Is 1964237 composite?
True
Is 7402 prime?
False
Is 33426269 a prime number?
True
Is 5380843 a prime number?
False
Is 23034391 prime?
True
Is 6573583 prime?
True
Is 111136541 composite?
True
Is 5564497 a composite number?
False
Is 535706491 prime?
True
Is 139432814 composite?
True
Is 59393269 composite?
True
Is 621217 a composite number?
False
Is 3717919 prime?
True
Is 5042347 composite?
True
Is 446443 composite?
True
Is 48428269 a composite number?
False
Is 3351899 composite?
True
Is 197315707 composite?
True
Is 5604691 a prime number?
False
Is 1177789 composite?
True
Is 5954317 composite?
False
Is 2762659 prime?
False
Is 3847919 a composite number?
True
Is 177417301 a composite number?
False
Is 51987239 composite?
False
Is 11055973 a composite number?
True
Is 951889 a composite number?
True
Is 90802693 composite?
True
Is 2525153 composite?
True
Is 54490333 a prime number?
False
Is 120157 composite?
False
Is 6209849 prime?
False
Is 30976438 prime?
False
Is 1008855479 prime?
True
Is 2084023 composite?
False
Is 14112613 a prime number?
True
Is 40276571 composite?
False
Is 3568837 a prime number?
True
Is 1406791 a composite number?
True
Is 2924237 composite?
False
Is 157795829 prime?
True
Is 7959473 a prime number?
True
Is 1160837 prime?
True
Is 239299559 a composite number?
False
Is 7098797 composite?
False
Is 23621017 prime?
False
Is 2219771 prime?
True
Is 1349270863 composite?
False
Is 441443 prime?
True
Is 3855121 a composite number?
True
Is 518710546 a composite number?
True
Is 32292385 composite?
True
Is 1070081 a composite number?
False
Is 7767479 composite?
False
Is 14568053 a prime number?
True
Is 1843579 a prime number?
True
Is 85523527 a prime number?
True
Is 40241461 a composite number?
True
Is 140899703 a prime number?
False
Is 11339039 composite?
True
Is 9903473 prime?
True
Is 4511879 a prime number?
False
Is 2050717 composite?
False
Is 282791 a prime number?
False
Is 2156281 composite?
True
Is 424676103 prime?
False
Is 8346631 composite?
True
Is 5442001 composite?
True
Is 561529 prime?
True
Is 1058417 composite?
True
Is 513593 a composite number?
False
Is 21518045 prime?
False
Is 1524863 a prime number?
False
Is 4527197 a prime number?
True
Is 4039907 prime?
False
Is 101318809 a composite number?
True
Is 21943903 prime?
True
Is 2751617 prime?
False
Is 3018601 a composite number?
False
Is 7971837 composite?
True
Is 4744777 a composite number?
True
Is 2761627 a composite number?
True
Is 92522873 composite?
False
Is 8415523 prime?
False
Is 2254643 a prime number?
True
Is 57029957 a prime number?
True
Is 793321799 composite?
False
Is 520554239 prime?
False
Is 13140971 a prime number?
False
Is 259705 composite?
True
Is 32749697 composite?
False
Is 29766941 composite?
False
Is 48216317 a composite number?
False
Is 148776335 composite?
True
Is 504724639 a prime number?
False
Is 83902109 composite?
False
Is 91347283 a composite number?
True
Is 1331269 a composite number?
False
Is 414805381 a prime number?
True
Is 10156763 prime?
False
Is 22012597 prime?
True
Is 7872257 a prime number?
False
Is 3311096167 a composite number?
False
Is 21382291 composite?
True
Is 1308691 prime?
True
Is 5461021 prime?
True
Is 653078071 a prime number?
True
Is 2897249 prime?
True
Is 13758335 a prime number?
False
Is 203424031 a prime number?
True
Is 3665573 composite?
False
Is 19942813 composite?
True
Is 481198343 a prime number?
False
Is 90751831 a prime number?
False
Is 42126827 a composite number?
False
Is 506168747 a prime number?
False
Is 2046209 a composite number?
True
Is 7625179 prime?
False
Is 63173317 a composite number?
True
Is 966981719 prime?
False
Is 18308491 a prime number?
True
Is 217332565 composite?
True
Is 1973651 composite?
False
Is 9021953 a composite number?
True
Is 289473001 composite?
True
Is 26892815 a prime number?
False
Is 31584163 a composite number?
True
Is 20370685 a composite number?
True
Is 8206085 a prime number?
False
Is 3965483 a composite number?
False
Is 5931043 a prime number?
True
Is 637630259 composite?
True
Is 1779761 a prime number?
True
Is 5598379 a composite number?
False
Is 28538527 composite?
False
Is 6695729 prime?
True
Is 